
Is 8800 a multiple of 80?
True
Does 5 divide 230?
True
Is 3 a factor of 62?
False
Is 19 a factor of 741?
True
Is 232 a multiple of 8?
True
Is 16 a factor of 4748?
False
Is 440 a multiple of 88?
True
Is 11 a factor of 63613?
True
Does 5 divide 1145?
True
Does 12 divide 1139?
False
Is 67 a factor of 2066?
False
Is 48858 a multiple of 41?
False
Does 3 divide 19?
False
Does 123 divide 11685?
True
Is 8 a factor of 23687?
False
Is 19327 a multiple of 66?
False
Does 12 divide 1896?
True
Is 2040 a multiple of 6?
True
Is 1126 a multiple of 77?
False
Is 6541 a multiple of 37?
False
Is 14 a factor of 654?
False
Is 3498 a multiple of 152?
False
Is 5385 a multiple of 18?
False
Does 88 divide 1584?
True
Does 12 divide 15762?
False
Is 84448 a multiple of 159?
False
Is 2915 a multiple of 11?
True
Does 18 divide 5443?
False
Is 2006 a multiple of 34?
True
Is 50 a factor of 50?
True
Is 4903 a multiple of 6?
False
Is 37421 a multiple of 26?
False
Does 4 divide 13?
False
Does 11 divide 943?
False
Is 58 a factor of 1521?
False
Is 14577 a multiple of 129?
True
Is 57 a factor of 57?
True
Does 6 divide 26682?
True
Is 10 a factor of 5993?
False
Is 9436 a multiple of 15?
False
Is 100 a factor of 50700?
True
Is 35 a factor of 805?
True
Does 13 divide 6357?
True
Is 44 a factor of 18184?
False
Does 4 divide 756?
True
Is 73 a factor of 35859?
False
Does 3 divide 130?
False
Is 1339 a multiple of 13?
True
Is 13 a factor of 1118?
True
Is 21 a factor of 1321?
False
Is 14270 a multiple of 6?
False
Is 43 a factor of 602?
True
Is 38 a factor of 1824?
True
Is 24 a factor of 56292?
False
Is 21 a factor of 588?
True
Does 4 divide 3241?
False
Is 1386 a multiple of 33?
True
Is 182 a factor of 16380?
True
Is 749 a multiple of 8?
False
Is 43 a factor of 37109?
True
Does 40 divide 12260?
False
Is 4576 a multiple of 22?
True
Is 21 a factor of 15099?
True
Is 82515 a multiple of 121?
False
Does 44 divide 357?
False
Is 13 a factor of 3435?
False
Is 43 a factor of 5081?
False
Is 34 a factor of 481?
False
Is 30 a factor of 80130?
True
Is 11 a factor of 16940?
True
Is 42 a factor of 3555?
False
Is 31 a factor of 13358?
False
Does 30 divide 1530?
True
Is 1972 a multiple of 17?
True
Is 17 a factor of 23375?
True
Is 106 a factor of 212?
True
Does 107 divide 16294?
False
Is 70334 a multiple of 11?
True
Is 14 a factor of 186?
False
Is 795 a multiple of 57?
False
Does 4 divide 2681?
False
Does 6 divide 221?
False
Is 7264 a multiple of 35?
False
Does 9 divide 10089?
True
Is 9 a factor of 90?
True
Does 8 divide 120?
True
Does 26 divide 1534?
True
Does 59 divide 2756?
False
Does 41 divide 13395?
False
Does 6 divide 126?
True
Is 645 a multiple of 27?
False
Is 55 a factor of 22605?
True
Does 8 divide 363?
False
Does 14 divide 1596?
True
Is 3 a factor of 646?
False
Is 541 a multiple of 29?
False
Is 17 a factor of 1497?
False
Is 13 a factor of 3861?
True
Is 5145 a multiple of 307?
False
Is 36 a factor of 982?
False
Is 20 a factor of 16540?
True
Is 11 a factor of 51227?
True
Is 6363 a multiple of 30?
False
Is 14 a factor of 538?
False
Is 2 a factor of 1134?
True
Is 5 a factor of 3735?
True
Is 1773 a multiple of 7?
False
Is 27 a factor of 2025?
True
Is 304 a factor of 26844?
False
Is 8 a factor of 166?
False
Does 9 divide 3636?
True
Is 5 a factor of 46?
False
Does 3 divide 223?
False
Does 78 divide 47736?
True
Is 198 a multiple of 20?
False
Does 11 divide 726?
True
Is 7 a factor of 148?
False
Does 66 divide 431?
False
Is 39 a factor of 33606?
False
Is 32 a factor of 32032?
True
Is 82 a factor of 531?
False
Is 268 a multiple of 38?
False
Does 9 divide 659?
False
Is 8382 a multiple of 60?
False
Is 1460 a multiple of 20?
True
Is 79815 a multiple of 255?
True
Is 14442 a multiple of 9?
False
Is 10 a factor of 200?
True
Is 222 a multiple of 35?
False
Is 38 a factor of 982?
False
Is 44 a factor of 8993?
False
Does 240 divide 100320?
True
Does 34 divide 36199?
False
Is 317 a multiple of 9?
False
Is 242 a multiple of 11?
True
Is 76096 a multiple of 82?
True
Is 59 a factor of 16619?
False
Is 12 a factor of 990?
False
Does 24 divide 1680?
True
Does 41 divide 82?
True
Is 14 a factor of 1316?
True
Is 39458 a multiple of 40?
False
Is 12 a factor of 12?
True
Is 40 a factor of 13760?
True
Does 164 divide 14019?
False
Is 108984 a multiple of 228?
True
Is 367 a multiple of 4?
False
Does 6 divide 62?
False
Is 3384 a multiple of 36?
True
Is 34 a factor of 48899?
False
Is 8463 a multiple of 93?
True
Is 3150 a multiple of 50?
True
Is 11 a factor of 418?
True
Is 7044 a multiple of 12?
True
Is 18 a factor of 16704?
True
Is 29 a factor of 7540?
True
Is 101 a factor of 24890?
False
Does 41 divide 78759?
False
Is 744 a multiple of 6?
True
Does 3 divide 2040?
True
Does 10 divide 4720?
True
Is 76068 a multiple of 42?
False
Is 2043 a multiple of 227?
True
Does 4 divide 1834?
False
Is 72 a factor of 2520?
True
Is 36 a factor of 108?
True
Is 84 a multiple of 7?
True
Is 112 a multiple of 16?
True
Is 279 a factor of 32748?
False
Is 5 a factor of 665?
True
Is 86 a factor of 22373?
False
Is 78900 a multiple of 248?
False
Does 20 divide 1219?
False
Does 2 divide 3805?
False
Does 55 divide 39820?
True
Does 77 divide 100?
False
Is 3230 a multiple of 170?
True
Is 32 a factor of 64?
True
Is 43 a factor of 865?
False
Is 1204 a multiple of 25?
False
Is 14 a factor of 1368?
False
Does 3 divide 5915?
False
Is 40511 a multiple of 313?
False
Is 3 a factor of 112?
False
Is 325 a multiple of 33?
False
Does 22 divide 1452?
True
Is 7 a factor of 20902?
True
Does 330 divide 7433?
False
Does 13 divide 2863?
False
Does 16 divide 4825?
False
Is 60 a factor of 24163?
False
Is 109 a factor of 79528?
False
Is 26800 a multiple of 50?
True
Is 3820 a multiple of 27?
False
Is 8 a factor of 3859?
False
Is 102 a factor of 612?
True
Does 32 divide 224?
True
Is 3 a factor of 2865?
True
Is 507 a multiple of 39?
True
Does 22 divide 138079?
False
Is 43 even?
False
Is 554 a multiple of 3?
False
Does 3 divide 1071?
True
Does 93 divide 6777?
False
Is 59 a factor of 9440?
True
Is 33425 a multiple of 5?
True
Is 7 a factor of 4553?
False
Is 17 a factor of 6766?
True
Does 36 divide 16635?
False
Does 23 divide 9177?
True
Is 33 a factor of 198?
True
Is 778 a multiple of 5?
False
Is 30 a factor of 2032?
False
Does 19 divide 57?
True
Is 10 a factor of 330?
True
Does 13 divide 1157?
True
Is 780 a multiple of 15?
True
Is 244 a multiple of 5?
False
Is 15 a factor of 730?
False
Is 6071 a multiple of 13?
True
Is 17 a factor of 1887?
True
Is 55 a factor of 1155?
True
Is 10 a factor of 49?
False
Is 36 a multiple of 6?
True
Is 51648 a multiple of 96?
True
Is 4 a factor of 2658?
False
Is 1568 a multiple of 14?
True
Is 2185 a multiple of 10?
False
Does 46 divide 7476?
False
Does 7 divide 2935?
False
Is 285 a multiple of 5?
True
Is 22882 a multiple of 34?
True
Is 603 a multiple of 67?
True
Does 31 divide 511?
False
Does 10 divide 370?
True
Does 3 divide 405?
True
Is 434 a multiple of 45?
False
Does 11 divide 9928?
False
Is 67217 a multiple of 54?
False
Does 370 divide 30340?
True
Is 21 a factor of 22879?
False
Does 24 divide 1296?
True
Is 28 a factor of 1431?
False
Is 7 a factor of 52241?
True
Is 28 a multiple of 14?
True
Is 238 a factor of 7987?
False
Is 127 a factor of 38100?
True
Is 3 a factor of 10?
False
Is 289 a multiple of 5?
False
Is 47 a factor of 6956?
True
Is 14 a factor of 266?
True
Is 810 a multiple of 15?
True
Does 31 divide 497?
False
Is 13 a factor of 2249?
True
Does 36 divide 1692?
True
Does 32 divide 69376?
True
Is 60 a factor of 39866?
False
Is 16 a factor of 736?
True
Is 8 a factor of 3069?
False
Does 99 divide 15939?
True
Is 9 a factor of 738?
True
Does 14 divide 3018?
False
Is 14 a factor of 574?
True
Is 450 a multiple of 45?
True
Does 5 divide 543?
False
Is 32 a factor of 7232?
True
Does 7 divide 13363?
True
Is 5084 a multiple of 9?
False
Is 420 a multiple of 30?
True
Is 15 a factor of 1965?
True
Is 3 a factor of 7665?
True
Is 35342 a multiple of 94?
False
Is 1184 a multiple of 32?
True
Does 30 divide 1830?
True
Does 4 divide 208?
True
Is 1450 a multiple of 65?
False
Is 18 a factor of 1296?
True
Does 102 divide 8402?
False
Is 622 a multiple of 80?
False
Is 66 a factor of 594?
True
Is 254 a factor of 82464?
False
Is 7603 a multiple of 107?
False
Is 49 even?
False
Is 165 a